vided by x.
1
Suppose -n - n = 0. Let u(h) = 52 + 0*h + h - 12. What is the remainder when u(n) is divided by 14?
12
Let b(y) = -y**2 + 13*y - 17. What is the remainder when 18 is divided by b(11)?
3
Suppose 4 = 5*w + 2*x - 2, -3*w = -2*x + 6. Suppose 5*r + w*r = 0. What is the remainder when 13 is divided by 4/((-12)/(-21)) - r?
6
Let j = -78 - -109. Calculate the remainder when 123 is divided by j.
30
Let b = 50 - 14. Suppose b = 3*r - 0*r. Calculate the remainder when 22 is divided by r.
10
Let r = 359 - 169. Suppose 3*i - x = 6 + 130, 4*i + 3*x = r. Suppose 3*y - i = 11. Calculate the remainder when y is divided by 5.
4
Let u = -166 - -183. What is the remainder when 49 is divided by u?
15
Let m(u) = u**3 - u**2 - 3*u - 1. Let a be m(-2). Let j = 2 - a. What is the remainder when 24 is divided by j?
6
Suppose -z + 9 = 3*p, 3 = -5*z - 0*z + p. Suppose 25 = -z*f + 5*f. Suppose -f*w + 5 = -0. What is the remainder when w is divided by 1?
0
Let x(c) = c**3 + 5*c**2 + 3*c. Let r be x(-4). Suppose 0*m + 16 = r*m. What is the remainder when 15 is divided by m?
3
Let m(l) be the second derivative of -l**4/12 + 5*l**3/6 + 3*l**2/2 - 2*l. Let r be m(5). Calculate the remainder when 27/2 + r/(-6) is divided by 5.
3
Let a = 81 + -10. Calculate the remainder when a is divided by 24.
23
Let f = 7 - 2. Let d = f + 2. What is the remainder when 23 is divided by 0 + d - (3 + -4)?
7
Let j(u) = u**2 + 8*u + 8. Let t be j(-6). Let b be 2/2 - (3 + t). Suppose b*p + 2*p = 12. Calculate the remainder when 4 is divided by p.
1
Suppose -v - 2 = 4*r - 26, 2*r + 32 = 5*v. Suppose -x + 0*z + 11 = -2*z, -4*x = -5*z - 32. Calculate the remainder when (-14)/3*-1*x is divided by v.
6
What is the remainder when 12 is divided by (-135)/(-18)*6/5?
3
Suppose -3*k = -8*c + 3*c + 107, 3*k = 3. What is the remainder when 131 is divided by c?
21
Let l = -23 + 35. What is the remainder when (0 + -2 + -20)/(2/(-4)) is divided by l?
8
Let r(w) = -w**3 + 8*w**2 + 22*w - 6. What is the remainder when 65 is divided by r(10)?
9
Suppose -3*a + 81 = 9. Suppose 3*r + a = 3*n, r - 15 - 7 = -5*n. Suppose n*q - c - 95 = 0, 5*q = -2*c - 0*c + 95. What is the remainder when q is divided by 7?
5
Let w be (-2)/(-3) - 10/6. Let r = 31 + -15. Calculate the remainder when 64/2 - (w + 2) is divided by r.
15
Suppose 0 = b + 3 + 4. Let w = b - -11. Suppose 4*u + 3*p - 17 = 0, -w*u - 4*p - 12 = -3*u. Calculate the remainder when 15 is divided by u.
7
Suppose -2*l + 6 = 0, 6*r - 2*l + 6 = 2*r. Let p = r + 18. Calculate the remainder when 72/(-9) + 64 + 8/(-2) is divided by p.
16
Let u = 3 + -19. Let a = 24 + u. Suppose -12 = 3*q, -d + q + 9 = -0*q. What is the remainder when a is divided by d?
3
Suppose 3*m = k - 37, -4*k - 2*m = -3*m - 115. Let n = 15 + -5. What is the remainder when k is divided by n?
8
Suppose -49 - 11 = -6*q. Let t(r) = 7*r - 3. Let z(g) = -1. Let w(u) = 2*t(u) - 6*z(u). What is the remainder when w(2) is divided by q?
8
Suppose -4*j + 3*j = -2. Suppose z - 12 = -j*z. What is the remainder when z is divided by 2?
0
Let v(g) = 2*g**3 - 6*g**2 - 4*g + 3. Suppose -p + 3*m + 4 = -15, p - 13 = m. What is the remainder when v(4) is divided by p?
9
Let b be 6/((30/(-16))/(-5)). Suppose 3*a = -a + b. Suppose -2*f - a = -c - f, -c = -3*f + 6. What is the remainder when 26 is divided by c?
8
Let u be (3 - 0)/3 - 1. Suppose -4*p - 4 = -3*p, o - 2*p - 32 = u. What is the remainder when 70 is divided by o?
22
Suppose -369 = -5*s - k, 0*s = 4*s + k - 296. Calculate the remainder when s is divided by 15.
13
Let w be (142/(-8))/(3/(-12)). Suppose -w = -4*j + 5*h + 16, 5*j = 3*h + 112. What is the remainder when j is divided by 8?
7
Suppose -4*f - 37 = -3*j - 2*f, -3*j + 36 = -3*f. Let b(d) be the second derivative of 35*d**3/6 + d**2 + 6*d. What is the remainder when b(1) is divided by j?
11
Suppose -2*w = 3*j - 19 - 7, 4*j = 8. Let g be (-3)/2*(-104)/6. Suppose 5*y - 69 = g. What is the remainder when y is divided by w?
9
Let r = -20 + 38. Suppose -3*s = s, 3*t = -s + r. Suppose 0 = 4*a - 3*l - 1, -4*l = -3*a - 4 - 4. What is the remainder when t is divided by a?
2
What is the remainder when 3*(-20)/12 - -47 is divided by 9?
6
Let u = -9 + 5. Let r = u - -14. What is the remainder when 17 is divided by r?
7
Suppose -3*l - p + 112 = 0, -3*l = -5*p - 130 + 6. Suppose -y = -l + 9. Calculate the remainder when y is divided by 10.
9
Let f(b) = -7*b. Let z be f(-2). Let o = 166 - -566. Calculate the remainder when o/z + (-8)/28 is divided by 18.
16
Let m(p) = p**2 + 3*p - 7. Let h be m(5). Let w be 1228/22 - (-6)/h. Suppose 2*b - w = -2*b. What is the remainder when 26 is divided by b?
12
Let f(p) = -50*p**2 - 11*p + 6. Let m(k) = -17*k**2 - 4*k + 2. Let o(x) = -3*f(x) + 8*m(x). What is the remainder when o(2) is divided by 19?
18
Suppose 2*j - 16 = -2*j + 2*x, 0 = 5*j - 3*x - 21. Let n = -2 - -7. Calculate the remainder when n is divided by j.
2
Let v = 7 + -3. Calculate the remainder when 15 is divided by v.
3
Suppose 0 = -2*d + 2*t + t + 43, 3*d - 32 = -2*t. Calculate the remainder when 41 is divided by d.
13
Let y = 8 + -8. Let q be -3 - 0 - (-8 - y). Suppose 5*x - 2*j = 3*j + 50, 56 = q*x - 3*j. Calculate the remainder when x is divided by 8.
5
Let c = -7 - -13. Suppose 0 = 2*l - 53 + 19. Calculate the remainder when l is divided by c.
5
Suppose -x - 5*z + 58 = 0, -5*x - z + 244 = -2*x. Calculate the remainder when 54 is divided by x/3 + 1/3.
26
Calculate the remainder when 35 is divided by -4 - (-136)/36 - 166/(-18).
8
Suppose -4*w - 10 = -86. Calculate the remainder when (-2 - -1)/((-3)/108) is divided by w.
17
Let s = -11 - -15. Calculate the remainder when 10 is divided by s.
2
Suppose 1 = h - 7. Suppose d + 2*m + 30 = 0, -d + 4*d = 5*m - 68. Let y = d + 47. What is the remainder when y is divided by h?
5
Let p = 70 + 31. Let o = p + -42. What is the remainder when o is divided by 20?
19
Let r(i) = 2*i**2 + 9*i + 4. Let w be r(-11). Suppose -3*f + b + 44 = -w, f = -b + 61. What is the remainder when f is divided by 16?
15
Let g(w) = w + 28. Let p = 0 - -1. Let s(l) = -l**3 - l**2. Let i(z) = p*g(z) - s(z). What is the remainder when i(0) is divided by 10?
8
Suppose -5*g - 33 = -6*g. What is the remainder when g is divided by 13?
7
Let d(x) = x + 8. Let k be d(-6). Suppose u - 41 = -4*m, 3*m = 5*m - k*u - 8. What is the remainder when 16 is divided by m?
7
Let n be 14*(2/(-4) - -2). Let g be (-1)/(-4) - n/(-12). Let x = 2 + g. Calculate the remainder when 11 is divided by x.
3
Suppose 0*y - 20 = -5*y. Let r = 9 - y. Suppose a = r*a - 20. What is the remainder when 13 is divided by a?
3
Suppose s + 30 = 4*s. Suppose 6*j + 5*w = 3*j + 23, -4*j - 3*w = -27. What is the remainder when s is divided by j?
4
Let p = -45 - -75. Let h be (-4)/(-6)*p/4. Suppose -h*k + 31 = -4*k. Calculate the remainder when k is divided by 11.
9
Suppose 0*i = 5*i - 10. Suppose 10 - i = j. Calculate the remainder when 31 is divided by j.
7
Let s = 9 + 1. Let u = 147 + -118. What is the remainder when u is divided by s?
9
Suppose -14*t + 1021 = -85. What is the remainder when t is divided by 9?
7
Let b(l) = l**3 - l - 1. Let y be b(2). Suppose z - 1 = -4*u - y, 4*u + 76 = 5*z. What is the remainder when 23 is divided by z?
11
What is the remainder when (-165)/((1 - 4)*5/10) is divided by 28?
26
Let a be -5*((-9)/5)/3. Suppose -4*u = -a*u - 13. Suppose -2*l + 61 = -u. What is the remainder when l is divided by 10?
7
Let x(f) = -21*f**3 + 2*f**2 - 1. Let p(g) = -2*g**3 - 14*g**2 + 11*g + 1. Calculate the remainder when p(-8) is divided by x(-1).
19
Suppose -120 = -j - 2*j. Calculate the remainder when j is divided by 14.
12
Suppose 3*v = -0*v. Suppose v = 2*f + f - 36. What is the remainder when (-348)/(-10) + 2/10 is divided by f?
11
Let l be (-36)/24 - (-21)/(-2). Calculate the remainder when ((-16)/l)/(2/15) is divided by 3.
1
Let t = 26 - 13. Calculate the remainder when 35 is divided by t.
9
Let g = 12 + -6. Calculate the remainder when 21 is divided by g.
3
Let v(d) = -d**2. Let f(t) = t**3 - 13*t**2 - 9*t - 2. Let p(j) = -f(j) + 6*v(j). What is the remainder when p(8) is divided by 4?
2
Let u(i) = -i**3 + 9*i**2 - 6*i - 9. Let x be (-5)/25 + 1/5. Suppose -3*l = x, 5*r + l - 95 = -4*l. What is the remainder when r 